4. Let n be d(7). Let y = n + -10. What is the highest common divisor of y and q?
10
Let r be 45/45 + -1 + 51/1. What is the highest common divisor of r and 3?
3
Let h = -18 - -79. Let z = 117 - h. Let t(u) = -2*u - 19. Let o be t(-13). Calculate the highest common divisor of z and o.
7
Suppose -2*m + 8 = j - 34, 2*j - 81 = -3*m. Suppose 0*u - 4*u = -j. What is the greatest common divisor of u and 18?
9
Let k(p) = -p**2 - 3*p - 2. Suppose 4*d + 6 = -2. Let s be k(d). Suppose s = 5*z - 2*z - 30. Calculate the highest common factor of 4 and z.
2
Suppose 4*f - 297 = f. Suppose -36 = -3*c - c. Calculate the highest common divisor of f and c.
9
Suppose 2*q + 4*q - 60 = 0. Calculate the greatest common factor of q and 2.
2
Let y(b) = b**2 - 2*b - 4. Let u be y(-4). Let l = 0 + -4. Let j = l - -8. What is the highest common factor of u and j?
4
Let q(v) = -v**3 - 3*v**2 - 3*v - 1. Let d be q(-3). Suppose 9 + 87 = 3*x. Suppose i = -3*i + x. Calculate the greatest common divisor of i and d.
8
Let m = 126 - 57. Suppose 17 = -4*j + m. Let v = 74 + -48. Calculate the greatest common factor of v and j.
13
Let h(x) = -x**3 - 12*x**2 - 9*x + 2. Let g = -19 - -8. Let f be h(g). Let p = 22 - f. Calculate the greatest common factor of p and 21.
21
Suppose 4*i - 3*i + 2*q - 10 = 0, 4*i - 3*q - 18 = 0. Suppose -2*x = -3*x + 2. Calculate the highest common divisor of x and i.
2
Suppose -1 - 7 = -2*k. Suppose 26*f - 32*f = -48. What is the greatest common divisor of k and f?
4
Suppose 4*q + 5*j - 9 = 12, 0 = -4*j + 4. Suppose -2*d - d = 4*b - 13, -q*b - 15 = -d. What is the highest common divisor of d and 28?
7
Suppose 49 = 3*l + 4*h + 242, 0 = 4*l - 5*h + 309. Let z be (0 - -3) + l - -1. Let t = 122 + z. Calculate the highest common factor of t and 5.
5
Let h(w) = -42*w - 12. Let f be h(-5). What is the highest common factor of f and 18?
18
Suppose 0 = 5*l - 106 - 94. Calculate the greatest common divisor of 16 and l.
8
Let d be 4*4/(-32)*-2. Calculate the highest common divisor of d and 11.
1
Let s = -150 + 177. Calculate the highest common divisor of s and 297.
27
Suppose 0 = 2*f + f - 18. Suppose j + 70 = f*j. What is the highest common divisor of j and 56?
14
Let j be (124/24 + (-10)/12)*3. Suppose 0 = 5*c - 229 + 34. What is the highest common divisor of c and j?
13
Let l(q) = -q**2 + 6*q - 6. Let n be l(4). Let f be -2*(n - 3) - -1. Let o be 16 + -2*2/4. Calculate the highest common divisor of f and o.
3
Let d = -2 - -5. Let t be 22*d/(-12)*-22. What is the highest common divisor of 11 and t?
11
Let b = 31 - 15. Let y = b - 7. What is the greatest common divisor of 3 and y?
3
Let s be 6/((-137)/70 + 2). Let p = 36 - s. Let r = -49 - p. What is the highest common divisor of r and 22?
11
Let p(a) = 7*a + 82. Let t be p(-10). Calculate the highest common divisor of t and 3.
3
Let h = 84 + -60. What is the highest common divisor of h and 16?
8
Let y be (-4 - (6 + -10)) + 275. Let m = 62 - 37. Calculate the greatest common factor of m and y.
25
Suppose -4*b - 3*g = -0*g - 24, 22 = 2*b - g. Let k = b - -4. Let p = 278 - 161. What is the greatest common divisor of p and k?
13
Let j be 6/(-9) - 76/(-6). Suppose -b - 2*t = -4*t - 18, -5*b + 114 = -2*t. What is the highest common divisor of b and j?
12
Let m(r) = -57*r + 2. Let q be m(-2). Let u = -66 + q. Suppose -k - 96 = -5*o, -5*o + 55 = -5*k - 25. What is the highest common divisor of o and u?
10
Let o = 1 - 2. Let b = 8 + o. Suppose -5*u + 125 = 4*z, -4*u + b*z - 3*z + 64 = 0. Calculate the highest common factor of u and 147.
21
Suppose 3*p - 57 = -4*y, -5*p + 5*y + 39 + 91 = 0. Calculate the highest common divisor of p and 69.
23
Let r be 3/((-3)/(-1)) + -5. Suppose 0*h = -3*h - 15, -a - 5*h - 16 = 0. Let j = r + a. What is the greatest common divisor of 25 and j?
5
Let o(w) = -w**2 - 21*w - 28. Let a be o(-16). What is the greatest common factor of 26 and a?
26
Suppose -6*u = -2*u - 180. Suppose -3*o = -7*o + 2*w + 50, -o = 5*w - 40. Calculate the greatest common factor of u and o.
15
Let v be (0 - 1/2)*-8. Let z = 19 - 3. Calculate the greatest common factor of v and z.
4
Suppose 2*n = f - 13, -4*n - 22 = -3*f + 11. Calculate the highest common divisor of 21 and f.
7
Let z(x) = x**3 - 7*x**2 + 2. Suppose -3*v = -5*w + 44, 4*v + 37 = 5*w - 10. Let t be z(w). Calculate the highest common factor of t and 8.
2
Let o = -151 + 253. Suppose -h + 2*r + 16 + 0 = 0, -5*h - r = -o. Calculate the highest common factor of 20 and h.
20
Suppose -315 = -4*u + 229. What is the greatest common divisor of u and 8?
8
Suppose -3*l - 4*v = -77, -3*l + 7*v + 86 = 2*v. What is the greatest common divisor of 216 and l?
27
Let j = 11 - 6. Suppose -3*z + 5*z - 2 = 0, -4*x + j*z = -23. Let a be (0 + -1 + 2)*63. What is the greatest common factor of x and a?
7
Let v(i) = i**2 - 7*i - 7. Let k be v(8). What is the greatest common divisor of 9 and k?
1
Let h = 13 - 1. Let c be (6 - -6)/((-1)/(-9)). Calculate the highest common divisor of h and c.
12
Suppose 0 = u - 1 - 2. Let q be (6 - -1) + (-7)/(14 + -7). What is the greatest common divisor of q and u?
3
Suppose -3*t = 12, 2*y + t = 9 + 11. Calculate the greatest common divisor of y and 24.
12
Let p(f) = f. Let m be p(3). Suppose 3*j - 18 = -m*a, -77 = -5*a + 2*j - 12. Calculate the greatest common divisor of 22 and a.
11
Let b = 137 + -11. Suppose 9*c - 11*c = -36. Calculate the greatest common divisor of c and b.
18
Let m(v) = -2*v - 10. Let o be m(-14). Calculate the highest common factor of o and 18.
18
Suppose -x = -597 + 213. Suppose -u - 3*u = -x. What is the highest common divisor of 16 and u?
16
Suppose l = w - 2 + 31, 2*w + 86 = 3*l. Suppose -l = -4*a + 84. Calculate the greatest common factor of a and 70.
14
Let k(j) = -j**2 - 12*j + 5. Let d be k(-7). What is the highest common divisor of d and 60?
20
Let l = -110 - -22. Let i be 2/6 - l/6. Let o be 0 + (0 - 1)*-90. What is the highest common divisor of o and i?
15
Let s(l) = 10*l - 2. Let r be s(20). What is the greatest common factor of 22 and r?
22
Suppose b + b + 5*k = 31, 4*b = 4*k - 8. Let f be 26/b + 3/9. What is the greatest common divisor of 9 and f?
9
Let y be (-451)/(-3) - 6/(-9). Let g = -55 + y. Suppose g = -z + 4*z. What is the highest common divisor of 8 and z?
8
Suppose 5*n = -3*c + 4, 5*c - 4*n + 14 = 2*c. Let q = -2 - c. Suppose q = 3*b - 353 + 83. Calculate the highest common divisor of b and 10.
10
Let o be (-10 + 5)*(1 - 0). Let a be ((-4)/o)/(6/165). Suppose -3*y = 4*r - 18, y - a + 9 = r. Calculate the highest common divisor of 2 and y.
2
Suppose -5*z + 8 = -7. What is the greatest common factor of 24 and z?
3
Let l be (-326)/(-10) + 4/10. Let p be ((-7)/(-3) - 2) + (-168)/(-63). What is the highest common divisor of l and p?
3
Let x = 15 - -7. Let n be 387/12 + 3/4. Calculate the greatest common factor of n and x.
11
Let b = -756 + 767. Suppose 0 = 3*m + 5*y - 2*y, 0 = -5*m - 4*y + 4. Suppose m*o + 3*t - 137 = 259, 0 = -2*t. What is the highest common factor of o and b?
11
Let s(o) = 16*o**3 - o. Let n be s(1). Calculate the highest common divisor of 150 and n.
15
Let h(a) = a**3 + 7*a**2 - 9*a - 10. Let r be h(-8). Let q be r/1 - (-16 - 0). What is the greatest common factor of q and 56?
14
Let l be -1 + 4/2 + 3. Let r be (28/35)/(l/50). Calculate the greatest common factor of 40 and r.
10
Let z be -16*(2178/(-8))/9. What is the highest common divisor of 44 and z?
44
Suppose -40 = q - 3*q. Let l(u) = -17*u + 3. Let d be l(-1). Calculate the greatest common factor of q and d.
20
Let u = 18 + -8. Calculate the greatest common divisor of 80 and u.
10
Let y(d) = d**2 - 8*d - 9. Let c be y(12). Suppose 3*k - 73 = j, 3*k - 2*k - 5*j = 1. Calculate the highest common divisor of k and c.
13
Let t be (-4)/3*45/6. Let p = -4 - t. Suppose 0 = 3*d + 15, -p*v - d = -4*v - 37. Calculate the greatest common divisor of 3 and v.
3
Let l(b) = -b + 25. Let d be l(-17). Calculate the greatest common factor of 70 and d.
14
Suppose -4*g + 1 = -35. Suppose -4*q = -y - 0*y + 10, 3*y + 5*q + 21 = 0. Let p = y + g. What is the greatest common factor of 56 and p?
7
Let v = 137 + -74. Calculate the greatest common divisor of 21 and v.
21
Let i be (-3)/((-18)/15)*2. Suppose -i*t + 49 = -2*z, z = -2*t - 0*z + 16. Calculate th